s 5682109 composite?
False
Is 43742789 prime?
False
Is 65075363 composite?
True
Is 2214803 a prime number?
False
Is 721361 a composite number?
True
Is 8085743 prime?
True
Is 22223717 a composite number?
True
Is 4647961 composite?
True
Is 23759734 prime?
False
Is 25148629 a composite number?
True
Is 37504567 prime?
False
Is 160057 a prime number?
False
Is 84161981 prime?
True
Is 109690643 composite?
False
Is 179035453 a prime number?
True
Is 98946223 prime?
False
Is 7231051 composite?
False
Is 104992669 composite?
False
Is 63990283 a composite number?
True
Is 2597269 a composite number?
True
Is 712347731 composite?
False
Is 1372757 composite?
False
Is 237612962 composite?
True
Is 40310939 prime?
True
Is 11412911 a prime number?
True
Is 121281907 a prime number?
True
Is 8690363 a prime number?
False
Is 4851499 prime?
False
Is 784409 a prime number?
True
Is 124847 a prime number?
True
Is 47705153 composite?
True
Is 5724673 a composite number?
True
Is 354953 a composite number?
False
Is 5585345 prime?
False
Is 10088243 composite?
True
Is 271271939 a prime number?
False
Is 72420319 composite?
False
Is 153232031 prime?
True
Is 5819647 prime?
True
Is 1131685 prime?
False
Is 171762685 a composite number?
True
Is 17139289 composite?
True
Is 149694973 a composite number?
False
Is 61414601 a prime number?
True
Is 4529693 a composite number?
True
Is 105463921 composite?
True
Is 50896435 a composite number?
True
Is 891017 composite?
False
Is 50864531 a prime number?
False
Is 95862461 prime?
False
Is 1834031 prime?
True
Is 2129671 composite?
False
Is 10294327 prime?
False
Is 42455219 a prime number?
True
Is 59207 prime?
True
Is 5502763 composite?
True
Is 149893 a prime number?
True
Is 30926887 composite?
True
Is 215782759 a composite number?
False
Is 107271431 prime?
True
Is 15298831 a composite number?
False
Is 238459181 prime?
True
Is 4728377 a prime number?
False
Is 133203949 composite?
False
Is 3143905 prime?
False
Is 210835451 a composite number?
False
Is 2658193 prime?
True
Is 32682671 composite?
True
Is 8570417 prime?
False
Is 3789209 a prime number?
False
Is 8023543 composite?
True
Is 7974899 a prime number?
True
Is 652570931 a prime number?
False
Is 33011639 prime?
True
Is 1418987 composite?
True
Is 118259413 a composite number?
False
Is 1495339 a prime number?
False
Is 20544439 prime?
True
Is 18182579 composite?
False
Is 57864931 composite?
False
Is 18687254 composite?
True
Is 4364771 a prime number?
True
Is 545072933 a composite number?
False
Is 10962353 composite?
False
Is 8461147 composite?
False
Is 228742229 prime?
True
Is 8187313 prime?
False
Is 38822353 composite?
True
Is 50477605 a composite number?
True
Is 32463439 composite?
False
Is 6390203 composite?
True
Is 30424937 a prime number?
False
Is 2411069 composite?
False
Is 697817 composite?
True
Is 1917089 composite?
False
Is 2057137 composite?
False
Is 1954811 composite?
False
Is 17770273 composite?
False
Is 47202653 a prime number?
False
Is 9493937 a prime number?
True
Is 450045763 a composite number?
True
Is 18554251 a composite number?
False
Is 1743697 prime?
False
Is 8848001 composite?
True
Is 3920531 prime?
False
Is 628753 a prime number?
True
Is 436301741 a prime number?
True
Is 169725397 prime?
True
Is 8294707 prime?
True
Is 119204477 a prime number?
False
Is 1240501 a composite number?
True
Is 47251493 prime?
False
Is 4337701 prime?
True
Is 11870753 a prime number?
True
Is 100636021 a prime number?
True
Is 7505657 composite?
False
Is 28055119 composite?
False
Is 2906663 a prime number?
True
Is 1442347 a composite number?
True
Is 354324847 composite?
False
Is 62686079 a prime number?
True
Is 21281047 a prime number?
True
Is 4456471 prime?
False
Is 11789513 a composite number?
False
Is 190357 prime?
True
Is 34035839 prime?
False
Is 46676789 prime?
True
Is 11064143 a composite number?
True
Is 29402619 composite?
True
Is 394397 a prime number?
False
Is 13278905 composite?
True
Is 1878853 composite?
True
Is 67693231 a prime number?
False
Is 1165028047 a prime number?
True
Is 16918381 a composite number?
False
Is 42072223 a composite number?
False
Is 1308977 composite?
False
Is 622735651 composite?
False
Is 222767 prime?
False
Is 39379 composite?
True
Is 4622753 a prime number?
True
Is 21379153 prime?
False
Is 2143367 a composite number?
True
Is 8540417 prime?
False
Is 3394249 prime?
False
Is 8921 composite?
True
Is 113489 a prime number?
True
Is 3244009 a composite number?
False
Is 46960447 prime?
True
Is 17463497 a prime number?
True
Is 14947931 composite?
False
Is 270963895 composite?
True
Is 68308223 prime?
False
Is 38053607 prime?
False
Is 352489421 prime?
False
Is 58768883 a prime number?
True
Is 8978677 composite?
True
Is 391097 prime?
False
Is 4697669 prime?
False
Is 34151023 composite?
False
Is 32290117 prime?
False
Is 348251 prime?
False
Is 72148859 prime?
True
Is 4519009 composite?
True
Is 76777601 prime?
False
Is 7954013 composite?
False
Is 71082521 a composite number?
False
Is 4326131 prime?
True
Is 990343411 a prime number?
True
Is 588551 a composite number?
True
Is 3041133 composite?
True
Is 211301251 a prime number?
False
Is 1113416089 a prime number?
True
Is 29918909 composite?
False
Is 1041267679 a prime number?
True
Is 528819073 a composite number?
True
Is 5228023 a prime number?
False
Is 2533091 prime?
False
Is 161729951 a composite number?
True
Is 149601509 a composite number?
False
Is 32120789 prime?
False
Is 1902179 composite?
True
Is 60528031 a composite number?
False
Is 23393491 a prime number?
False
Is 6169577 prime?
False
Is 287097131 a prime number?
False
Is 143651 prime?
True
Is 516654197 a composite number?
False
Is 17658943 a composite number?
True
Is 1239649 prime?
False
Is 14023357 a composite number?
False
Is 7696063 a prime number?
True
Is 71331733 a composite number?
True
Is 2552405 composite?
True
Is 16605293 prime?
False
Is 11100361 a prime number?
True
Is 79078277 a prime number?
False
Is 3836459 a prime number?
False
Is 10409537 composite?
True
Is 2865973 a prime number?
False
Is 4612889 a prime number?
False
Is 129734557 a composite number?
False
Is 51739993 composite?
True
Is 59803201 a prime number?
False
Is 35907803 prime?
True
Is 1225361 composite?
False
Is 69807531 a prime number?
False
Is 24901291 a prime number?
True
Is 5803079 composite?
False
Is 1850347 a prime number?
True
Is 190199426 prime?
False
Is 249717935 a prime number?
False
Is 518951203 a prime number?
True
Is 68644441 prime?
False
Is 2904119 prime?
False
Is 407661229 composite?
True
Is 19082597 prime?
False
Is 471403 composite?
False
Is 135763 prime?
False
Is 55422629 prime?
True
Is 24807443 a prime number?
True
Is 277819 composite?
True
Is 341339 a composite number?
False
Is 29063323 a prime number?
True
Is 608124569 a composite number?
True
Is 10679419 a composite number?
False
Is 9544219 a prime number?
False
Is 54825889 a composite number?
True
Is 2349419 a prime number?
True
Is 8675497 prime?
False
Is 182089 composite?
False
Is 8979251 a composite number?
False
Is 1515377 a composite number?
False
Is 14686414 composite?
True
Is 38614091 a prime number?
False
Is 770863363 composite?
False
Is 4816562 a composite number?
True
Is 596611 a prime number?
True
Is 2748953 composite?
False
Is 189315703 prime?
False
Is 268943891 a prime number?
True
Is 76582463 prime?
True
Is 5427577 a prime number?
True
Is 68371 composite?
False
Is 37569071 a composite number?
True
Is 2609059 a prime number?
True
Is 403547 composite?
False
Is 11972459 a prime number?
True
Is 1393387 a prime number?
True
Is 258981997 a composite number?
False
Is 2281 composite?
False
Is 4995745 a prime number?
False
Is 38457181 composite?
True
Is 90896999 prime?
True
Is 23772011 composite?
False
Is 447233 composite?
False
Is 633807427 prime?
False
Is 559803 composite?
True
Is 3911063 a prime number?
False
Is 213305537 prime?
True
Is 220723181 a prime number?
False
Is 1677777 a composite number?
True
Is 25015817 a prime number?
True
Is 23059 composite?
False
Is 36102415 prime?
False
Is 28856671 prime?
False
Is 3737681 composite?
True
Is 50148941 composite?
False
Is 11554001 prime?
True
Is 2192917 composite?
False
Is 19433923 composite?
True
Is 91872647 prime?
False
Is 16100607 prime?
False
Is 5304923 a composite